2 - 5704 = 0. List the prime factors of y.
2, 3, 11
Suppose 6*y + 8 = 2*y - 2*j, j = -2. What are the prime factors of (y/(-3))/((-3)/(-45))?
5
Let t be (-2 - 12/(-9))*30. Let u = -20 - t. Suppose 4*k - k - 93 = u. List the prime factors of k.
31
Suppose s - 1314 = -5*s. Suppose s = 4*h + 35. List the prime factors of h.
2, 23
Suppose 4*x + 4192 = 2*t, 6*t - t + 3*x - 10467 = 0. List the prime factors of t.
2, 3, 349
Let m = 33 + -30. Suppose -l + 0*z + m*z + 64 = 0, 0 = 3*z + 12. Suppose -2*y = -6*y + l. What are the prime factors of y?
13
Suppose -4*s = -w - 6843, -5*w - 2665 - 4190 = -4*s. List the prime factors of s.
2, 3, 5, 19
Suppose f - 5*r + r = 7, 4*r + 10 = -2*f. Let q(u) = -59*u - 3. What are the prime factors of q(f)?
2, 7
Suppose -6*c = 366 - 1134. List the prime factors of c.
2
Let k be (-5)/(-5)*-3*-1. Suppose 51 = -k*b - 4*s, -3*b + 4*s - 16 = 11. Let p(x) = x**2 + 12*x + 10. List the prime factors of p(b).
23
Let a = 44 - 34. Let v be (-1)/2 - 615/a. What are the prime factors of v*(-4)/(2 - -2)?
2, 31
Let j(z) = -z**3 + 30*z**2 - 45*z - 82. What are the prime factors of j(23)?
2, 3, 431
Let w = 7 + 0. Let o = -14 - -23. Suppose w*f = o*f - 26. List the prime factors of f.
13
Suppose -2*q = -5*q. Suppose 189 = 5*t - 2*h - q*h, -5*t + 192 = -h. What are the prime factors of t?
3, 13
Let h(d) = 128*d**2 - 19*d + 1. List the prime factors of h(-2).
19, 29
Let g = 833 + -254. List the prime factors of g.
3, 193
Let m(b) = -2*b**3 + b**2 + 4*b - 4. Let o be m(2). Let q(n) = -2*n + 3 + 2 - n. What are the prime factors of q(o)?
29
Let c be (-6)/8*(4 - 80). Suppose -c - 105 = -3*g. List the prime factors of g.
2, 3
Let q = 1632 + -964. List the prime factors of q.
2, 167
Suppose 0 = 5*r - 4*g - 37, -r - g + 11 = -0*r. What are the prime factors of 9*6/r*13?
2, 3, 13
Suppose 3*q = -2*q + 4950. Let m be -6 + (-75)/(-12) - (-85)/(-4). List the prime factors of q/35 - (-6)/m.
2, 7
Suppose 132*g = 134*g - 354. What are the prime factors of g?
3, 59
Let r(x) = 2 + x**3 + 358*x**2 - 4*x - 6*x - 349*x**2. List the prime factors of r(-8).
2, 73
Let a(c) = -87*c - 47. Let j be a(-11). Suppose 3*k + m - 546 = 0, 2*m = -5*k + 7*m + j. List the prime factors of k.
2, 7, 13
Suppose o - 869 = -b, -2*b + 1752 = -8*o + 3*o. List the prime factors of b.
13, 67
Suppose 4*m - m = u - 221, 3*u - 3*m = 645. Suppose -4*x + 852 = 5*b - 303, 3*x = b - u. List the prime factors of b.
227
Suppose -2*l + 2*m + 6460 = 3*m, l = 3*m + 3230. List the prime factors of l.
2, 5, 17, 19
Suppose 6 = 2*x - 4. Suppose 4*s + 16 = -5*r, s + 4 = -0*r - x*r. What are the prime factors of 3 + (3 - 0) + s?
2
Let c = -114 - -23. Suppose 3*i = 2*i - 50. Let p = i - c. List the prime factors of p.
41
Let j be 1 + 1 + (1 - -1). Suppose -2 = i + j. Let x = i + 12. List the prime factors of x.
2, 3
Let r(k) = 327*k - 60. List the prime factors of r(6).
2, 3, 317
Suppose -2*a = -3*j + 4*j - 10, -a - 1 = -j. List the prime factors of 8/(-28) + a/(42/1474).
3, 5, 7
Let t(d) = -5*d - 8. Let i be t(-6). Let b = -19 + i. Suppose 0 = -2*h + 4*k + 17 + 17, -b = -k. What are the prime factors of h?
23
Let o = -42 + 26. What are the prime factors of 12/o*(-7)/((-14)/(-144))?
2, 3
Let h be (-16)/(-12)*(-1398)/4. What are the prime factors of h/(-9) - (-4)/18?
2, 13
Let i(x) = 32*x**2 + 14*x + 15. List the prime factors of i(-7).
3, 5, 11
Let x = 2416 - 1700. What are the prime factors of x?
2, 179
Suppose 4*a = -4*j + 4, -3*j = -a - 17 + 2. List the prime factors of a + 6*(17 - 4).
3, 5
Let w(v) = -3*v**3 - 16*v**2 - 13*v - 2. List the prime factors of w(-6).
2, 37
Suppose 2*a = -0*g - 4*g + 8, 5*a - 4*g + 8 = 0. Let v = -68 - -118. Suppose a = -f - f + v. What are the prime factors of f?
5
Let r(n) = -3*n - 5. Let w be r(-5). Let o = 13 - w. List the prime factors of o - (3 + -5)*6.
3, 5
Let g be 2/(-8) + (-2091)/(-12). Let n = -255 + g. What are the prime factors of 40/(-3)*n/36?
2, 3, 5
Suppose 2*m + 2*i = 24, -18 - 31 = -4*m - 3*i. Suppose -2*z + g = 2*z - 10, 0 = -3*z - 2*g + m. Suppose -19 = -z*k + 17. List the prime factors of k.
2, 3
Suppose -7*w - 299 = -1153. Let b = w - -10. What are the prime factors of b?
2, 3, 11
Suppose o - 2*g = -21, o + 5*g + 21 = -0*o. Let b = 37 + -10. Let k = o + b. List the prime factors of k.
2, 3
Suppose r - 4 = -0. Suppose -3*h = 3*b - 228, r*h = -b + 447 - 158. List the prime factors of h.
71
Let u(t) = -9*t - 6. Let k be 52/12 - (-2)/(-6). Suppose w + 2*w + 2*s + 20 = 0, 0 = k*w + s + 20. List the prime factors of u(w).
2, 3, 5
Let h(v) = 187*v**2 + 6*v - 6. Suppose -11*j + 13 = 2*j. What are the prime factors of h(j)?
11, 17
List the prime factors of 3807/6 - (-2 + 4)/(-4).
5, 127
Suppose 0 = 2*i + d + 8, -i - 2*d = -0*d + 7. Let g be 46/(-69) - 2/i. Suppose 1 = f - g*f, -80 = -5*x + 5*f. List the prime factors of x.
17
Suppose x - 540 = -2*v, 2778 = 5*x + 4*v + 96. What are the prime factors of x?
2, 3, 89
Let x(z) = -2*z + 18. Let l be x(7). Suppose l*f - 119 = 93. List the prime factors of f.
53
Let j(u) = -u**2 + 24*u - 11. Let m be j(20). Let r = 20 + 29. Let w = m - r. What are the prime factors of w?
2, 5
Suppose 3*n - 3*f = -51, 44 = -4*n - 6*f + 2*f. Suppose -16*h + 18*h = 38. Let j = h + n. List the prime factors of j.
5
Suppose 4*n - 3*u - 20 = -n, -16 = -4*n + 2*u. Suppose 5*t - 5*s = 410, 324 = n*t - s - 2*s. What are the prime factors of t?
2, 3, 13
Suppose -20 = -0*j - 4*j. Suppose f = -4*f - j*x + 50, -x = -5*f + 50. List the prime factors of f.
2, 5
Let j(q) = -2*q - 6. Let n be j(-3). Suppose 0 - 1 = -b - i, n = -3*b - 2*i. List the prime factors of b/10 - 1056/(-30).
5, 7
Let r(g) = 4 - 23*g + 20*g + 21. List the prime factors of r(-8).
7
Let n be ((774/(-8))/3)/((-3)/12). List the prime factors of (1 + n)*((-3)/2 + 4).
5, 13
Suppose 0 = 2*i + 5*i - 2*i. What are the prime factors of (-1 + 42/15)*(55 - i)?
3, 11
Let b(j) = -j**3 + 7*j**2 - 7*j + 8. Let z be b(6). Let k(w) = w**3 - 9*w**2 + 11*w - 27. Let t be k(8). List the prime factors of 140/21 + z/t.
2, 3
Let r = -28 - -34. Let x(q) = r - 1 - 2*q - q**2 - 2*q - 1. What are the prime factors of x(-4)?
2
Let p = -150 + 427. List the prime factors of p.
277
Suppose -5*k = m - 721, -4*k = 2*m - 696 - 752. List the prime factors of m.
2, 3, 11
Let r be ((1 - -3) + 2)/2. Let c be 147 + r + 0/(-4). What are the prime factors of c/9*15/10?
5
Let f = 153 + -260. Let q = f - -155. List the prime factors of q.
2, 3
Suppose 0 = -18*w + 5*w + 16913. What are the prime factors of w?
1301
Suppose 429 = h - 5*l, 1118 = 3*h - l - 197. What are the prime factors of h?
439
Suppose 5*k - 9216 = -2*z, 5085 - 1403 = 2*k + 3*z. What are the prime factors of k?
2, 461
Suppose 0*k + 5*k + 69 = -3*u, 3*k - 46 = 2*u. Suppose -6*m = -2*m + l + 173, 2*l = m + 50. Let z = u - m. What are the prime factors of z?
3, 7
Suppose -5*m = -5*j + 70, 3*j + 5*m - 2*m - 60 = 0. Suppose o - j - 26 = 0. List the prime factors of o.
43
Let i = -5008 + 8211. What are the prime factors of i?
3203
Let o = 1001 + 118. List the prime factors of o.
3, 373
Let s = -6015 + 8454. What are the prime factors of s?
3, 271
Suppose -85 + 61 = -4*p. What are the prime factors of -3 - (-3)/(p/(-8))*-28?
109
Suppose -2*h - 2 = 0, 5*h - 5152 = -2*z - z. What are the prime factors of z?
3, 191
Suppose 0 = 4*k - 8*k - 4*f + 4844, 5*f + 10 = 0. What are the prime factors of k?
1213
Let t = -2209 + 6081. What are the prime factors of t?
2, 11
Let h = 62 + -186. Let i = 226 + h. List the prime factors of i.
2, 3, 17
Let p = -52 - -29. Let l = p - -32. What are the prime factors of (-9)/(-6)*174/l?
29
Let k be (-24)/10*(-10)/4. List the prime factors of ((-116)/k)/((-32)/48).
29
Suppose 2*t - 8390 = -2*c, -4*c + 20947 = c - 2*t. What are the prime factors of c?
3, 11, 127
Let o(y) = y**2 + 19*y - 18. Let p be o(-20). Suppose -3*m + 167 = p*f, -2*f - 4*m = -8*m - 160. What are the prime factors of f?
2, 41
Let t(z) = -7*z + 21. Let a(x) = -x**2 - x + 4. Let s be a(3). What are the prime factors of t(s)?
7, 11
Let h = 22 + 24. Suppose 2 = 4*w - h. List the prime factors of w.
2, 3
Let f = -20 - -25. List the prime factors of 5 - (-1 - (-10)/f).
2
Let g(p) = 9*p**2 + 4*p - 2. Let q(f) = f**2 + f. Let m(n) = g(n) - 3*q(n). Let b be m(2). List 